{"id":28021,"date":"2023-09-04T21:00:37","date_gmt":"2023-09-04T21:00:37","guid":{"rendered":"https:\/\/agroflex.cz\/product\/tomiteskeszlet-uveghazakhoz\/"},"modified":"2023-09-04T21:00:37","modified_gmt":"2023-09-04T21:00:37","slug":"tomiteskeszlet-uveghazakhoz","status":"publish","type":"product","link":"https:\/\/agroflex.cz\/hu\/termek\/tomiteskeszlet-uveghazakhoz\/","title":{"rendered":"T\u00f6m\u00edt\u00e9sk\u00e9szlet \u00fcvegh\u00e1zakhoz"},"content":{"rendered":"","protected":false},"excerpt":{"rendered":"<p>Univerz\u00e1lis t\u00f6m\u00edt\u00e9sek kerti \u00fcvegh\u00e1zakhoz. A k\u00e9szlet tartalmazza az \u00fcvegh\u00e1z UT3 el\u00fcls\u0151 \u00edveinek t\u00f6m\u00edt\u00e9seit &#8211; 11,4 m (a bej\u00e1rati fal befejez\u00e9s\u00e9re szolg\u00e1l, hogy a tet\u0151burkolat \u00e9s az \u00fcvegh\u00e1z eleje k\u00f6z\u00f6tti \u00e9rintkez\u00e9s megfelel\u0151en t\u00f6m\u00edtve legyen), UT2 &#8211; 12,2 t\u00f6m\u00edt\u00e9sek az ajt\u00f3khoz, bele\u00e9rtve a zsan\u00e9rokat \u00e9s az ablakokat. Az \u00fcvegh\u00e1zak \u00e9p\u00edt\u00e9s\u00e9hez sz\u00fcks\u00e9ges t\u00f6m\u00edt\u00e9s nem felt\u00e9tlen\u00fcl sz\u00fcks\u00e9ges, az \u00fcvegh\u00e1zak teljes m\u00e9rt\u00e9kben haszn\u00e1lhat\u00f3k. Teljes \u00e9rt\u00e9k\u0171 t\u00f6m\u00edt\u00e9s eset\u00e9n javasoljuk a t\u00f6m\u00edt\u00e9s megrendel\u00e9s\u00e9t is.   <\/p>\n","protected":false},"featured_media":0,"comment_status":"open","ping_status":"closed","template":"","meta":[],"product_brand":[419],"product_cat":[1332,507],"product_tag":[],"class_list":["post-28021","product","type-product","status-publish","product_brand-agroflex","product_cat-pecset","product_cat-tartozekok","first","outofstock","taxable","shipping-taxable","purchasable","product-type-simple"],"_links":{"self":[{"href":"https:\/\/agroflex.cz\/hu\/wp-json\/wp\/v2\/product\/28021","targetHints":{"allow":["GET"]}}],"collection":[{"href":"https:\/\/agroflex.cz\/hu\/wp-json\/wp\/v2\/product"}],"about":[{"href":"https:\/\/agroflex.cz\/hu\/wp-json\/wp\/v2\/types\/product"}],"replies":[{"embeddable":true,"href":"https:\/\/agroflex.cz\/hu\/wp-json\/wp\/v2\/comments?post=28021"}],"wp:attachment":[{"href":"https:\/\/agroflex.cz\/hu\/wp-json\/wp\/v2\/media?parent=28021"}],"wp:term":[{"taxonomy":"product_brand","embeddable":true,"href":"https:\/\/agroflex.cz\/hu\/wp-json\/wp\/v2\/product_brand?post=28021"},{"taxonomy":"product_cat","embeddable":true,"href":"https:\/\/agroflex.cz\/hu\/wp-json\/wp\/v2\/product_cat?post=28021"},{"taxonomy":"product_tag","embeddable":true,"href":"https:\/\/agroflex.cz\/hu\/wp-json\/wp\/v2\/product_tag?post=28021"}],"curies":[{"name":"wp","href":"https:\/\/api.w.org\/{rel}","templated":true}]}}

Tömítéskészlet üvegházakhoz

<p>Univerzális tömítések kerti üvegházakhoz. A készlet tartalmazza az üvegház UT3 elülső íveinek tömítéseit &#8211; 11,4 m (a bejárati fal befejezésére szolgál, hogy a tetőburkolat és az üvegház eleje közötti érintkezés megfelelően tömítve legyen), UT2 &#8211; 12,2 tömítések az ajtókhoz, beleértve a zsanérokat és az ablakokat. Az üvegházak építéséhez szükséges tömítés nem feltétlenül szükséges, az üvegházak teljes mértékben használhatók. Teljes értékű tömítés esetén javasoljuk a tömítés megrendelését is.   </p>
